rt -30212333320 (base 4) to base 12.
-1134a74
What is 4351011 (base 6) in base 9?
360167
1423244 (base 5) to base 4
13102000
What is -125352301 (base 6) in base 13?
-698446
What is -16b9387 (base 12) in base 10?
-4723159
-22005053 (base 6) to base 8
-2375731
What is -2610204 (base 10) in base 14?
-4bd352
-1542750 (base 8) to base 12
-194a60
What is -31334413 (base 5) in base 2?
-111111111011100010
-252e20 (base 15) to base 16
-1b302d
Convert -132404 (base 8) to base 12.
-22998
What is 2572334 (base 8) in base 2?
10101111010011011100
-6735b (base 12) to base 16
-21737
-1541103 (base 7) to base 4
-303223203
14322223 (base 5) to base 8
450013
What is -170725 (base 11) in base 6?
-5400044
Convert 16547074 (base 8) to base 12.
135a310
-410041 (base 13) to base 2
-101110001100100111010
543441 (base 8) to base 4
230130201
-777157 (base 8) to base 10
-261743
Convert -2ab8b (base 15) to base 3.
-20222202112
What is 25304322 (base 6) in base 13?
228110
Convert 34d (base 15) to base 11.
620
-131033022020 (base 4) to base 14
-1037156
-123131131 (base 4) to base 7
-645631
What is 41b866 (base 15) in base 11?
1846520
What is -2030005 (base 6) in base 5?
-11102310
1966b9 (base 12) to base 3
211200221020
What is -5566251 (base 7) in base 11?
-430623
2139173 (base 10) to base 5
1021423143
-161a6 (base 16) to base 15
-1bc59
Convert -21132312002 (base 4) to base 3.
-11200021122112
Convert -62b74 (base 12) to base 3.
-20120200221
Convert -4c7a (base 15) to base 8.
-37673
-30442313 (base 5) to base 11
-160678
-d02f (base 16) to base 13
-1b348
-21313001200 (base 4) to base 13
-6c65bc
Convert 53187 (base 12) to base 15.
224e1
-838491 (base 11) to base 14
-26d8cb
What is 10211001120112 (base 3) in base 12?
819a95
Convert -93b541 (base 12) to base 6.
-121431321
Convert -232827 (base 10) to base 15.
-48ebc
-24514043 (base 6) to base 13
-21761a
What is -55d27 (base 16) in base 6?
-11311235
Convert -101223500 (base 7) to base 13.
-12c4733
302332 (base 8) to base 6
2044510
Convert e5cd6 (base 16) to base 11.
593210
What is 1142650 (base 8) in base 5?
40001434
What is 1ce8 (base 15) in base 5?
200133
What is -52c1e (base 16) in base 7?
-2611156
What is -13a257 (base 16) in base 4?
-10322021113
9291b (base 16) to base 4
2102210123
Convert 223330030 (base 5) to base 14.
1bcbb2
What is -358254 (base 9) in base 11?
-13830a
1364427 (base 9) to base 4
2313121303
What is 10334412 (base 5) in base 15?
1b9dc
What is -59795 (base 10) in base 9?
-101018
What is 80d49 (base 16) in base 13?
156256
What is -15038 (base 9) in base 5?
-311431
Convert 30343 (base 15) to base 13.
54606
-11110120001210 (base 3) to base 7
-26112126
What is 374643 (base 8) in base 3?
20120120012
Convert 6f66b (base 16) to base 4.
1233121223
What is 1011100011101110010 (base 2) in base 6?
12041230
Convert 234033 (base 6) to base 13.
9336
What is -4d7961 (base 15) in base 7?
-43426315
-1428195 (base 10) to base 13
-3b00b2
-78a0 (base 12) to base 11
-a053
697850 (base 12) to base 2
110011101010011111100
What is 1b3ba (base 14) in base 13?
2574a
Convert 58526 (base 11) to base 8.
245006
-42744070 (base 8) to base 5
-4321121020
Convert -5260055 (base 9) to base 4.
-22233023333
-11000011000001010 (base 2) to base 10
-99850
351366 (base 14) to base 2
110111001101001001110
1301404310 (base 5) to base 2
1100000001111100101001
-28a883 (base 12) to base 13
-1ab5cc
-425230 (base 7) to base 11
-5054a
What is -1166630 (base 9) in base 3?
-1012020201000
What is 4461504 (base 7) in base 2?
10000110111101110110
Convert -6689 (base 10) to base 2.
-1101000100001
Convert -227d11 (base 15) to base 7.
-16665325
What is -11001000001100101 (base 2) in base 15?
-20586
Convert 6326b (base 14) to base 3.
110011010211
Convert -11360326 (base 7) to base 14.
-1c2986
Convert 123331454 (base 6) to base 7.
26313454
4446401 (base 10) to base 14
83a5a1
472264 (base 12) to base 4
10113113230
Convert 182942 (base 13) to base 5.
123341000
Convert 67651362 (base 8) to base 9.
30476437
-333120212 (base 4) to base 10
-259622
23444110 (base 5) to base 11
13a308
-15304512 (base 6) to base 5
-114200341
10004222 (base 5) to base 9
128840
What is 101001022221 (base 3) in base 4?
300102220
Convert 22311101220 (base 4) to base 3.
12100021021110
Convert -2011297 (base 11) to base 3.
-20200211122012
Convert 16163446 (base 7) to base 5.
344440114
What is 5188459 (base 11) in base 9?
18181513
2220423021 (base 5) to base 2
10010100010000000011110
Convert d0993 (base 14) to base 12.
202131
-5a34b (base 15) to base 8
-1061605
47338 (base 9) to base 14
b74d
1000110100111100000000 (base 2) to base 10
2313984
What is -1121022122212 (base 3) in base 4?
-3100023023
What is -5554101 (base 7) in base 6?
-22410323
What is 2222111 (base 4) in base 9?
15852
-909576 (base 12) to base 16
-226bea
Convert 15574247 (base 8) to base 4.
31233202213
What is -9d7aec (base 16) in base 10?
-10320620
111020010110201 (base 3) to base 6
410355201
-1263131 (base 11) to base 8
-10254671
Convert -50299 (base 16) to base 10.
-328345
Convert -20232120031 (base 4) to base 8.
-10563015
Convert -15b54d1 (base 14) to base 15.
-e07499
What is -512643 (base 7) in base 13?
-30a59
Convert 18aaa7 (base 13) to base 5.
124423303
What is -253e6c (base 16) in base 4?
-21103321230
Convert 544c85 (base 14) to base 10.
2856229
Convert -286c0 (base 13) to base 2.
-10010100001011100
23132323210 (base 4) to base 5
1232312101
-960e (base 16) to base 4
-21120032
Convert -2583542 (base 10) to base 9.
-4766852
What is 175109 (base 12) in base 3?
202110111200
What is -433cc6 (base 13) in base 2?
-110000001101001110100
39a08 (base 12) to base 14
20c1a
7577113 (base 8) to base 12
81b54b
What is 6042 (base 14) in base 9?
24587
What is -27255 (base 13) in base 10?
-72909
What is -11110300321 (base 4) in base 16?
-154c39
Convert -7d86e6 (base 16) to base 9.
-16427613
Convert -30022230 (base 4) to base 5.
-3043321
Convert 18e75 (base 16) to base 5.
11231010
Convert -10000100202021 (base 3) to base 15.
-219771
Convert 1001010010100001 (base 2) to base 5.
2204144
Convert -7e0890 (base 15) to base 9.
-12304480
What is -52634314 (base 8) in base 7?
-164243600
What is 5545222 (base 10) in base 9?
11381547
640182 (base 11) to base 9
1832128
What is -216257 (base 9) in base 7?
-1045546
Convert 2730475 (base 8) to base 15.
102099
Convert 79e7 (base 15) to base 6.
315431
Convert -11373 (base 12) to base 15.
-6c23
Convert -3b686 (base 13) to base 12.
-5427a
What is -101110111111110110000 (base 2) in base 8?
-5677660
-1224242 (base 5) to base 7
-126042
Convert 1155242 (base 7) to base 4.
210031100
Convert -32121132 (base 5) to base 14.
-70659
What is 29686c (base 13) in base 14?
1c58b1
Convert -6033055 (base 7) to base 16.
-ae5b6
Convert -2b1468 (base 13) to base 14.
-1d82a0
What is 333212323 (base 4) in base 12?
106937
Convert 34111320 (base 5) to base 3.
120021200001
-bd708 (base 15) to base 10
-602333
121101242 (base 6) to base 5
1041403414
What is 4347239 (base 10) in base 13?
b92940
-23a86a (base 14) to base 16
-129d9e
-210333323 (base 4) to base 15
-2ed82
23a29 (base 15) to base 5
12114124
What is 2231211 (base 5) in base 13?
1500a
10110110111111001 (base 2) to base 13
3384b
25202055 (base 6) to base 7
6610046
-51203 (base 10) to base 9
-77212
52e96 (base 16) to base 13
bb767
41620 (base 11) to base 14
18159
-3a11090 (base 11) to base 15
-921a0e
1864538 (base 12) to base 11
297a2a2
Convert -10a217 (base 11) to base 10.
-174621
-6124227 (base 8) to base 16
-18a897
What is -187e36 (base 16) in base 8?
-6077066
Convert 100001000002 (base 3) to base 13.
62c6c
Convert b4ff3 (base 16) to base 6.
23520123
Convert -102202001111 (base 3) to base 10.
-231133
211001100111 (base 3) to base 4
1221331123
10101001110001101 (base 2) to base 7
511266
Convert 8122860 (base 9) to base 16.
4201e3
-14d20b8 (base 14) to base 11
-58278a0
What is -c91b6b (base 14) in base 7?
-111560364
Convert 103e3 (base 16) to base 10.
66531
What is 6398a83 (base 11) in base 5?
10340144422
Convert -18442 (base 14) to base 16.
-ef1a
What is -102420224 (base 5) in base 13?
-123407
115657 (base 15) to base 8
3121623
Convert 222112221102 (base 3) to base 12.
212562
Convert -13320515 (base 6) to base 8.
-1547077
-21b260 (base 14) to base 8
-4273624
What is -4320265